b be f(-18). Suppose 2*h = b*h + r - 100, 5*r = -3*h + 38. List the prime factors of h.
3, 7
Let y(t) = 3*t - 7. Let l be y(5). Let v be (-12)/2*(-4)/l. Suppose -h + 32 = v*z + 2*z, -z + 40 = 5*h. List the prime factors of h.
7
Suppose 2*r - 3 + 15 = 0. Let o = -3 - r. List the prime factors of o.
3
Let d = -124 - -196. Let c = d - 51. List the prime factors of 72/7 + (-6)/c.
2, 5
Suppose -26 = -2*w + w. Suppose w = o - 5. List the prime factors of o.
31
Suppose -175 = 4*d + 33. Let f = d + 79. What are the prime factors of f?
3
Let h be (-9)/((-2)/((-4)/(-2))). Let q = 18 - h. List the prime factors of q.
3
Let f(c) = -6 - 4 + 9 + 5*c**2 - c. What are the prime factors of f(2)?
17
What are the prime factors of (-25 + -1)*(-15)/6?
5, 13
Let b(d) = 4*d - 37. Let q(r) = r - 12. Let m(a) = 2*b(a) - 7*q(a). Suppose 0 = 2*g + 4*h + 14, -2*g + h + 3*h - 14 = 0. List the prime factors of m(g).
3
Suppose 5*c - 93 = 7. List the prime factors of c.
2, 5
Suppose 9*i - 1176 - 435 = 0. List the prime factors of i.
179
Let o(d) = 3*d - 14. Let w(r) = 4*r - 14. Let h(p) = -5*o(p) + 4*w(p). What are the prime factors of h(-7)?
7
Suppose -4*q + 3 = -5*d - 3, 3*q = d - 1. List the prime factors of (d/((-2)/11))/1.
11
Let c be -10*1*8/(-20). Suppose -n + 3*m = -6*n + 8, 0 = 5*n + c*m - 4. List the prime factors of n.
2
What are the prime factors of ((-2)/(-8))/((-6)/(-12))*212?
2, 53
Let w(p) = 2*p + 1. Let z be w(3). Suppose -2*s + z*s - 180 = 0. Let d = s - 26. List the prime factors of d.
2, 5
Let a(k) = 4*k**3 + 2*k**2 - k. Let f be a(1). Suppose -f = 4*l - 17. Suppose -l*d = -d - 14. List the prime factors of d.
7
Let u be (-18)/(-14) - (-2)/(-7). Let w be u - (2 + -2 - -1). Suppose w*t + t - 9 = 0. What are the prime factors of t?
3
Let w = 3 + 5. Let b = w + -4. Suppose 0 = -2*p - 5*i + 14, 0*p + 28 = b*p - 2*i. List the prime factors of p.
7
Let g be (5/(-15))/(1/(-12)). Let v(f) = -11*f**2 + 15*f + 17. Let s(q) = -5*q**2 + 7*q + 8. Let n(u) = -7*s(u) + 3*v(u). What are the prime factors of n(g)?
11
Suppose -5*t + 7 = -28. Let m(n) = -n + 9. Let u be m(t). What are the prime factors of u/(-8) + 66/8?
2
Suppose 3*f = 3*j + 18, 2*j - 4*j = 6. Suppose 22 + 20 = f*c. What are the prime factors of c?
2, 7
Let b be 1/(-2 + 3)*0. Suppose 3*j + j - 8 = b. Suppose -j*w + 0 = -10. What are the prime factors of w?
5
Let x(n) = n - 9. Let g be x(9). Suppose 4*v - 20 - 120 = g. What are the prime factors of v?
5, 7
Let k(u) be the second derivative of -u**3/3 - u**2 + 2*u. Let l be k(-9). Suppose 2*j = -0*j + l. What are the prime factors of j?
2
Let w(l) = -l**2 - 6*l. Let q be w(-6). Let r be (q + -1)*(-1 - -12). Let a = -4 - r. What are the prime factors of a?
7
Let d(p) be the first derivative of p**2/2 + 3*p - 3. Let a be d(0). Suppose 5*y + 3*m - 33 = 0, 3*y + 2*m - a = 16. What are the prime factors of y?
3
Suppose 3*w - 4*j - 171 = -5*j, -j - 61 = -w. List the prime factors of w.
2, 29
Suppose 0 = k - 26 - 20. What are the prime factors of k?
2, 23
Let b(c) be the second derivative of 3*c**5/10 - c**4/12 + c**3/6 - c**2/2 - c. Let u be 2/((0 - 0) + 2). What are the prime factors of b(u)?
5
Let l = 5 + 1. Let k = 11 - l. Let q = k - 0. List the prime factors of q.
5
Suppose 2*u - 3*b - 16 = u, 5*u - b - 38 = 0. Suppose -u*c + 8*c = 15. What are the prime factors of c?
3, 5
What are the prime factors of (-107)/1*(-6)/6?
107
Let v be ((-4)/6)/(6/(-117)). Suppose s = -4*w + 88, 2*w - w - 2*s - v = 0. What are the prime factors of w?
3, 7
Let x = -68 - -115. Suppose 15 = -4*p + x. Let q = p + -5. List the prime factors of q.
3
Let f(d) = -8*d - 4. Let t be f(-3). Let c(b) = -b**3 + 5*b**2 + 8*b - 4. Let v be c(6). Let q = t - v. What are the prime factors of q?
2, 3
What are the prime factors of 1/(-2 + 620/(-308)*-1)?
7, 11
List the prime factors of ((-96)/(-64))/((-86)/(-84) + -1).
3, 7
Let g = 353 - 109. List the prime factors of g.
2, 61
Let a = 0 + 14. Let h be 903/a + (-2)/(-4). List the prime factors of (-4)/26 - (-725)/h.
11
Let k = 9 + -5. List the prime factors of k.
2
Let b(h) = 5*h - 13. Let s(w) = -11*w + 27. Let f(j) = -9*b(j) - 4*s(j). What are the prime factors of f(0)?
3
Let o(i) = i**2 - 9*i - 16. Let v be o(11). Suppose -v = -g + 8. List the prime factors of g.
2, 7
Let d(s) = -4*s**3 - 7*s**2 - 14*s - 3. What are the prime factors of d(-4)?
197
Let m(h) = -4*h - 5. Let l = 1 - 5. What are the prime factors of m(l)?
11
Let m(z) = -4*z - 1. Let a be m(-1). Let s = 0 + a. What are the prime factors of s?
3
Let u = 52 + -14. List the prime factors of u.
2, 19
Suppose z = -z + 32. Let n = 31 - z. What are the prime factors of n?
3, 5
Let w = 528 - 151. What are the prime factors of w?
13, 29
Suppose o + 0*o + 5*j = 243, -o + 3*j + 235 = 0. List the prime factors of o.
2, 7, 17
Suppose 5*l + 30 = 3*g, l + 5*g - 1 + 7 = 0. Let w(m) = m**3 + 7*m**2 + m. What are the prime factors of w(l)?
2, 3, 5
Let o(x) = -x**2 + 9*x - 6. Let s be o(8). Suppose 0 = s*a - 3*a. Suppose f = 5*k + 5 - 18, a = 5*f + k - 65. What are the prime factors of f?
2, 3
Let v be (-170)/(-7) + 12/(-42). Suppose -5*z = -k + v, -5*k - 3*z = 43 - 107. List the prime factors of k.
2, 7
Let s = 98 - -33. Suppose -3*p = 2*r - s, 4*p = -0*r - 5*r + 170. List the prime factors of (-16)/(-6)*p/20.
2, 3
Suppose 0 = -4*p + 74 - 10. What are the prime factors of (-126)/(-8) + 4/p?
2
Let n = 0 + 2. Suppose w = -n*u + 19, u - 2*u - 4*w = -6. List the prime factors of (u/(-15))/((-2)/33).
11
Let m = 1 + 2. Let g = -1 + m. Suppose 5*s = 5, 2*s = -3*w + g + 36. List the prime factors of w.
2, 3
Let j(b) be the third derivative of -b**5/30 + b**4/24 + b**3/3 + 2*b**2. Let x(i) be the first derivative of j(i). What are the prime factors of x(-1)?
5
Suppose -2*b = 3*w - 34, 0 = 3*w + 5*b - 53 + 13. Let g = 20 - w. What are the prime factors of g?
2, 5
Suppose 2*y - 332 = -4*c, -321 = -5*y - 5*c + 494. What are the prime factors of (y/(-25))/((-4)/10)?
2
Let b(s) = -43*s - 2. Let u be b(4). List the prime factors of 1/(-3) - u/9.
19
Let q(k) = -k + 12. Let f be 16/40 + (-33)/(-5). List the prime factors of q(f).
5
Suppose -9 = 3*z, -3*u - z + 15 = -0. Suppose 3*x - 4*x + 27 = -5*t, -u = -x - 2*t. Suppose -2*i + 26 + x = 0. What are the prime factors of i?
19
List the prime factors of (-10)/6 - (-1425)/45.
2, 3, 5
Let g(n) = n**3 + 8*n**2 + 7*n - 5. Let b be 2*((-14)/4 + 0). Let c be g(b). Let a(h) = -h**3 - 6*h**2 - 6*h + 1. What are the prime factors of a(c)?
2, 3
Suppose -3 = -2*s + 3. Suppose -a = -s*a. Suppose -2*o + 2*i - 4*i = -40, a = -2*o + 3*i + 25. What are the prime factors of o?
17
Let h = 238 + -119. What are the prime factors of h?
7, 17
Let u(g) = 3*g + 2. Let c be u(4). List the prime factors of 354/c - (-12)/(-42).
5
Let y(x) = -x**3 + 6*x + 15. List the prime factors of y(-5).
2, 5, 11
Let q be -1 - (1 - 0 - 8). What are the prime factors of ((-2)/q)/(2/(-54))?
3
Suppose -5*r + 10 = 5*m, 1 = -r - 3*m - 3. Suppose -2*w + 3*a = -4*w + 3, r = w - 2*a. What are the prime factors of w?
3
Let c(x) = x**3 - 21*x**2 + 30*x - 39. List the prime factors of c(20).
7, 23
Let r(p) = p**2 + p. Let k be r(1). Suppose 0 = -3*x + k*x + 20. Suppose 3*b = 2*t + 22, 7*b - 5*t - x = 3*b. List the prime factors of b.
2, 5
Let l = -2 + 7. Suppose 4*j - 2*y = 26, l*j + 3*y - 65 = -y. List the prime factors of (-2)/j - (-152)/36.
2
Let t = -148 - -287. List the prime factors of t.
139
Let h be 1 + (2 - 0) + 3. What are the prime factors of ((-135)/h)/(6/(-8))?
2, 3, 5
Let s(g) = -g**2 + 7*g - 6. Let z be s(5). Let t(k) = -k**3 + 5*k**2 - 4*k + 6. List the prime factors of t(z).
2, 3
Let a = -27 + 77. Suppose 0 = -5*p + 10 + a. Suppose -2*w + 14 = 4*y, -3*y = -2*w - 40 + p. What are the prime factors of y?
2, 3
Suppose 4*a = a + 450. Suppose -z = 4*z + a. List the prime factors of (z/(-8))/((-15)/(-40)).
2, 5
Let a be 145/4 - 3/12. Let f be ((-2)/3)/((-2)/a). List the prime factors of f/2*(-15)/(-10).
3
Let h be 2*(-3 - 34/(-4)). Suppose 0*x = -x + h. List the prime factors of x.
11
Let b(x) = -4*x + 1. Let v be b(2). Let k(m) = -m - 2. List the prime factors of k(v).
5
Suppose 2 + 62 = o. List the prime factors of o.
2
Let o be (-1)/(-3) + 1/(-3). Let u be (-2)/(-7) - 108/(-14). List the prime factors of